{"id":1529,"date":"2024-10-22T05:39:58","date_gmt":"2024-10-22T05:39:58","guid":{"rendered":"https:\/\/radocza.edu.pl\/edu\/?page_id=1529"},"modified":"2024-10-22T21:22:00","modified_gmt":"2024-10-22T21:22:00","slug":"grono-pedagogiczne","status":"publish","type":"page","link":"https:\/\/radocza.edu.pl\/edu\/szkola\/grono-pedagogiczne\/","title":{"rendered":"Grono pedagogiczne"},"content":{"rendered":"\t\t<div data-elementor-type=\"wp-page\" data-elementor-id=\"1529\" class=\"elementor elementor-1529\">\n\t\t\t\t<div class=\"elementor-element elementor-element-7998c3b rs_pad-sec e-flex e-con-boxed e-con e-parent\" data-id=\"7998c3b\" data-element_type=\"container\" data-e-type=\"container\">\n\t\t\t\t\t<div class=\"e-con-inner\">\n\t\t\t\t<div class=\"elementor-element elementor-element-31d5ddd sr_title elementor-widget elementor-widget-heading\" data-id=\"31d5ddd\" data-element_type=\"widget\" data-e-type=\"widget\" data-widget_type=\"heading.default\">\n\t\t\t\t<div class=\"elementor-widget-container\">\n\t\t\t\t\t<h2 class=\"elementor-heading-title elementor-size-default\">Szko\u0142a<\/h2>\t\t\t\t<\/div>\n\t\t\t\t<\/div>\n\t\t\t\t<div class=\"elementor-element elementor-element-c6d40ab elementor-invisible elementor-widget elementor-widget-heading\" data-id=\"c6d40ab\" data-element_type=\"widget\" data-e-type=\"widget\" data-settings=\"{&quot;_animation&quot;:&quot;bounceInLeft&quot;}\" data-widget_type=\"heading.default\">\n\t\t\t\t<div class=\"elementor-widget-container\">\n\t\t\t\t\t<div class=\"elementor-heading-title elementor-size-default\">Grono pedagogiczne\n<\/div>\t\t\t\t<\/div>\n\t\t\t\t<\/div>\n\t\t\t\t\t<\/div>\n\t\t\t\t<\/div>\n\t\t<div class=\"elementor-element elementor-element-3c19019 e-flex e-con-boxed e-con e-parent\" data-id=\"3c19019\" data-element_type=\"container\" data-e-type=\"container\">\n\t\t\t\t\t<div class=\"e-con-inner\">\n\t\t\t\t\t<\/div>\n\t\t\t\t<\/div>\n\t\t<div class=\"elementor-element elementor-element-88c598d sr_mail e-flex e-con-boxed e-con e-parent\" data-id=\"88c598d\" data-element_type=\"container\" data-e-type=\"container\">\n\t\t\t\t\t<div class=\"e-con-inner\">\n\t\t\t\t<div class=\"elementor-element elementor-element-a038c96 elementor-widget elementor-widget-text-editor\" data-id=\"a038c96\" data-element_type=\"widget\" data-e-type=\"widget\" data-widget_type=\"text-editor.default\">\n\t\t\t\t<div class=\"elementor-widget-container\">\n\t\t\t\t\t\t\t\t\t<p><strong>Kadra Kierownicza Zespo\u0142u Szk\u00f3\u0142 CKU w Radoczy<\/strong><br \/>mgr Smaza Monika \u2013 Dyrektor ZSCKU w Radoczy<br \/><a href=\"mailto:monika.smaza@radocza.edu.pl\">monika.smaza@radocza.edu.pl<\/a><\/p><p>mgr in\u017c. Augustyniak Agnieszka \u2013 Wicedyrektor ZSCKU w Radoczy<br \/><a href=\"mailto:agnieszka.augustyniak@radocza.edu.pl\">agnieszka.augustyniak@radocza.edu.pl<\/a><br \/>mgr in\u017c. Jod\u0142owski J\u00f3zef \u2013 Kierownik warsztat\u00f3w<br \/><a href=\"mailto:ckuwarsztat@radocza.edu.pl\">ckuwarsztat@radocza.edu.pl<\/a><\/p><p><strong>Kadra Pedagogiczna<\/strong><br \/>mgr in\u017c. Augustyniak Agnieszka &#8211; przedmioty zawodowe \/ <a href=\"mailto:agnieszka.augustyniak@radocza.edu.pl\">agnieszka.augustyniak@radocza.edu.pl<\/a><br \/>mgr Baca Dagmara &#8211; j. niemiecki, j. niemiecki zawodowy \/ <a href=\"mailto:dagmara.baca@radocza.edu.pl\">dagmara.baca@radocza.edu.pl<\/a><br \/>mgr Boba Pawe\u0142 &#8211; informatyka \/ <a href=\"mailto:pawel.boba@radocza.edu.pl\">pawel.boba@radocza.edu.pl<\/a><br \/>mgr Bodzioch Edyta &#8211; matematyka \/ <a href=\"mailto:edyta.bodzioch@radocza.edu.pl\">edyta.bodzioch@radocza.edu.pl<\/a><br \/>mgr Cie\u015blica Dagmara &#8211; przedmioty zawodowe \/ <a href=\"mailto:dagmara.cieslica@radocza.edu.pl\">dagmara.cieslica@radocza.edu.pl<\/a><br \/>mgr in\u017c. Fr\u0105czek Janusz &#8211; przedmioty zawodowe \/<a href=\"mailto:janusz.fraczek@radocza.edu.pl\"> janusz.fraczek@radocza.edu.pl<\/a><br \/>mgr Galus Joanna &#8211; w-f \/ <a href=\"mailto:joanna.galus@radocza.edu.pl\">joanna.galus@radocza.edu.pl<\/a><br \/>mgr Gliwa Stanis\u0142aw &#8211; w-f \/ <a href=\"mailto:stanislaw.gliwa@radocza.edu.pl\">stanislaw.gliwa@radocza.edu.pl<\/a><br \/>mgr G\u00f3rza\u0144ska Karolina &#8211; biologia \/ <a href=\"mailto:karolina.gorzanska@radocza.edu.pl\">karolina.gorzanska@radocza.edu.pl<\/a><br \/>mgr in\u017c. G\u00f3ra Kamil &#8211; przedmioty zawodowe \/ <a href=\"mailto:kamil.gora@radocza.edu.pl\">kamil.gora@radocza.edu.pl<\/a><br \/>mgr in\u017c. Graca Marcin &#8211; przedmioty zawodowe \/ <a href=\"mailto:marcin.graca@radocza.edu.pl\">marcin.graca@radocza.edu.pl<\/a><br \/>mgr in\u017c. Jod\u0142owski J\u00f3zef &#8211; przedmioty zawodowe \/ <a href=\"mailto:ckuwarsztat@radocza.edu.pl\">ckuwarsztat@radocza.edu.pl<\/a><br \/>mgr Karcz Andrzej \u2013 historia, HIT \/ <a href=\"mailto:andrzej.karcz@radocza.edu.pl\">andrzej.karcz@radocza.edu.pl<\/a><br \/>mgr Karlak \u00a0Bernadetta &#8211; bibliotekarz, kszta\u0142cenie specjalne \/ <a href=\"mailto:bernadetta.karlak@radocza.edu.pl\">bernadetta.karlak@radocza.edu.pl<\/a><br \/>mgr Ko\u0142odziejczyk Witold &#8211; geografia, biznes i zarz\u0105dzanie, podstawy przedsi\u0119biorczo\u015bci, EDB \/<br \/><a href=\"mailto:witold.kolodziejczyk@radocza.edu.pl\">witold.kolodziejczyk@radocza.edu.pl<\/a><br \/>mgr Kr\u0119cioch Justyna &#8211; chemia \/ <a href=\"mailto:justyna.krecioch@radocza.edu.pl\">justyna.krecioch@radocza.edu.pl<\/a><br \/>mgr Kubaszewski Pawe\u0142 &#8211; j. polski \/ <a href=\"mailto:pawel.kubaszewski@radocza.edu.pl\">pawel.kubaszewski@radocza.edu.pl<\/a><br \/>mgr Kulig Wojciech &#8211; doradztwo zawodowe, WOS, pedagog szkolny \/ <a href=\"mailto:wojciech.kulig@radocza.edu.pl\">wojciech.kulig@radocza.edu.pl<\/a><br \/>mgr Lempart-Musia\u0142 Joanna &#8211; matematyka \/ <a href=\"mailto:joanna.lempart@radocza.edu.pl\">joanna.lempart@radocza.edu.pl<\/a><br \/>mgr \u0141asak Anna &#8211; matematyka \/ <a href=\"mailto:anna.lasak@radocza.edu.pl\">anna.lasak@radocza.edu.pl<\/a><br \/>mgr in\u017c. \u0141asak J\u00f3zef &#8211; fizyka \/ <a href=\"mailto:jozef.lasak@radocza.edu.pl\">jozef.lasak@radocza.edu.pl<\/a><br \/>mgr in\u017c. Maciewicz Beata &#8211; przedmioty zawodowe \/ <a href=\"mailto:beata.maciewicz@radocza.edu.pl\">beata.maciewicz@radocza.edu.pl<\/a><br \/>mgr Mamo\u0144 W\u0142odzimierz &#8211; w-f \/ <a href=\"mailto:wlodzimierz.mamon@radocza.edu.pl\">wlodzimierz.mamon@radocza.edu.pl<\/a><br \/>mgr in\u017c. Mostowik Janusz &#8211; przedmioty zawodowe \/<a href=\"mailto:janusz.mostowik@radocza.edu.pl\"> janusz.mostowik@radocza.edu.pl<\/a><br \/>mgr in\u017c. Olszy\u0144ski Krzysztof &#8211; przedmioty zawodowe \/ <a href=\"mailto:krzysztof.olszynski@radocza.edu.pl\">krzysztof.olszynski@radocza.edu.pl<\/a><br \/>mgr Paj\u0105k Bo\u017cena &#8211; j. angielski, j. angielski zawodowy \/ <a href=\"mailto:bozena.pajak@radocza.edu.pl\">bozena.pajak@radocza.edu.pl<\/a><br \/>mgr Pawlik Barbara &#8211; j. niemiecki, j. niemiecki zawodowy \/ <a href=\"mailto:barbara.pawlik@radocza.edu.pl\">barbara.pawlik@radocza.edu.pl<\/a><br \/>mgr in\u017c. Pszczeli\u0144ska Agnieszka &#8211; przedmioty zawodowe \/ <a href=\"mailto:agnieszka.pszczelinska@radocza.edu.pl\">agnieszka.pszczelinska@radocza.edu.pl<\/a><br \/>mgr in\u017c. Rossochacki Grzegorz &#8211; przedmioty zawodowe \/ <a href=\"mailto:grzegorz.rossochacki@radocza.edu.pl\">grzegorz.rossochacki@radocza.edu.pl<\/a><br \/>mgr in\u017c. Rusin Andrzej &#8211; przedmioty zawodowe \/ <a href=\"mailto:andrzej.rusin@radocza.edu.pl\">andrzej.rusin@radocza.edu.pl<\/a><br \/>mgr Rzo\u0144ca Joanna &#8211; przedmioty zawodowe \/<a href=\"mailto:joanna.rzonca@radocza.edu.pl\"> joanna.rzonca@radocza.edu.pl<\/a><br \/>mgr Smaza Monika &#8211; w-f, pedagog szkolny \/ <a href=\"mailto:monika.smaza@radocza.edu.pl\">monika.smaza@radocza.edu.pl<\/a><br \/>mgr Sopicka Renata &#8211; j. polski \/ <a href=\"mailto:renata.sopicka@radocza.edu.pl\">renata.sopicka@radocza.edu.pl<\/a><br \/>mgr Stuczy\u0144ska Katarzyna &#8211; przedmioty zawodowe \/ <a href=\"mailto:katarzyna.stuczynska@radocza.edu.pl\">katarzyna.stuczynska@radocza.edu.pl<\/a><br \/>mgr Szczur Marta &#8211; logopeda \/ <a href=\"mailto:marta.szczur@radocza.edu.pl\">marta.szczur@radocza.edu.pl<\/a><br \/>mgr \u00a0in\u017c. Wawro Krzysztof \u2013 BHP \/ <a href=\"mailto:krzysztof.wawro@radocza.edu.pl\">krzysztof.wawro@radocza.edu.pl<\/a><br \/>mgr Wojtal Jaros\u0142aw &#8211; j. angielski, j. angielski zawodowy \/<a href=\"mailto:jaroslaw.wojtal@radocza.edu.pl\"> jaroslaw.wojtal@radocza.edu.pl<\/a><br \/>mgr Wr\u00f3blel Anita &#8211; psycholog szkolny, kszta\u0142cenie specjalne \/ <a href=\"mailto:anita.wr\u00f3bel@radocza.edu.pl\">anita.wr\u00f3bel@radocza.edu.pl<\/a><br \/>mgr W\u00f3jcik Iwona &#8211; przedmioty zawodowe \/ <a href=\"mailto:iwona.wojcik@radocza.edu.pl\">iwona.wojcik@radocza.edu.pl<\/a><\/p>\t\t\t\t\t\t\t\t<\/div>\n\t\t\t\t<\/div>\n\t\t\t\t\t<\/div>\n\t\t\t\t<\/div>\n\t\t\t\t<\/div>\n\t\t","protected":false},"excerpt":{"rendered":"<p>Szko\u0142a Grono pedagogiczne Kadra Kierownicza Zespo\u0142u Szk\u00f3\u0142 CKU w Radoczymgr Smaza Monika \u2013 Dyrektor ZSCKU w Radoczymonika.smaza@radocza.edu.pl mgr in\u017c. Augustyniak [&hellip;]<\/p>\n","protected":false},"author":2,"featured_media":0,"parent":855,"menu_order":0,"comment_status":"closed","ping_status":"closed","template":"","meta":{"inline_featured_image":false,"_uag_custom_page_level_css":"","site-sidebar-layout":"no-sidebar","site-content-layout":"","ast-site-content-layout":"full-width-container","site-content-style":"default","site-sidebar-style":"default","ast-global-header-display":"","ast-banner-title-visibility":"","ast-main-header-display":"","ast-hfb-above-header-display":"","ast-hfb-below-header-display":"","ast-hfb-mobile-header-display":"","site-post-title":"disabled","ast-breadcrumbs-content":"","ast-featured-img":"disabled","footer-sml-layout":"","ast-disable-related-posts":"","theme-transparent-header-meta":"","adv-header-id-meta":"","stick-header-meta":"","header-above-stick-meta":"","header-main-stick-meta":"","header-below-stick-meta":"","astra-migrate-meta-layouts":"default","ast-page-background-enabled":"default","ast-page-background-meta":{"desktop":{"background-color":"var(--ast-global-color-4)","background-image":"","background-repeat":"repeat","background-position":"center center","background-size":"auto","background-attachment":"scroll","background-type":"","background-media":"","overlay-type":"","overlay-color":"","overlay-opacity":"","overlay-gradient":""},"tablet":{"background-color":"","background-image":"","background-repeat":"repeat","background-position":"center center","background-size":"auto","background-attachment":"scroll","background-type":"","background-media":"","overlay-type":"","overlay-color":"","overlay-opacity":"","overlay-gradient":""},"mobile":{"background-color":"","background-image":"","background-repeat":"repeat","background-position":"center center","background-size":"auto","background-attachment":"scroll","background-type":"","background-media":"","overlay-type":"","overlay-color":"","overlay-opacity":"","overlay-gradient":""}},"ast-content-background-meta":{"desktop":{"background-color":"var(--ast-global-color-5)","background-image":"","background-repeat":"repeat","background-position":"center center","background-size":"auto","background-attachment":"scroll","background-type":"","background-media":"","overlay-type":"","overlay-color":"","overlay-opacity":"","overlay-gradient":""},"tablet":{"background-color":"var(--ast-global-color-5)","background-image":"","background-repeat":"repeat","background-position":"center center","background-size":"auto","background-attachment":"scroll","background-type":"","background-media":"","overlay-type":"","overlay-color":"","overlay-opacity":"","overlay-gradient":""},"mobile":{"background-color":"var(--ast-global-color-5)","background-image":"","background-repeat":"repeat","background-position":"center center","background-size":"auto","background-attachment":"scroll","background-type":"","background-media":"","overlay-type":"","overlay-color":"","overlay-opacity":"","overlay-gradient":""}},"footnotes":""},"class_list":["post-1529","page","type-page","status-publish","hentry"],"uagb_featured_image_src":{"full":false,"thumbnail":false,"medium":false,"medium_large":false,"large":false,"1536x1536":false,"2048x2048":false},"uagb_author_info":{"display_name":"Mariusz Wawro","author_link":"https:\/\/radocza.edu.pl\/edu\/author\/mariusz-wawroradocza-edu-pl\/"},"uagb_comment_info":0,"uagb_excerpt":"Szko\u0142a Grono pedagogiczne Kadra Kierownicza Zespo\u0142u Szk\u00f3\u0142 CKU w Radoczymgr Smaza Monika \u2013 Dyrektor ZSCKU w Radoczymonika.smaza@radocza.edu.pl mgr in\u017c. Augustyniak [&hellip;]","_links":{"self":[{"href":"https:\/\/radocza.edu.pl\/edu\/wp-json\/wp\/v2\/pages\/1529"}],"collection":[{"href":"https:\/\/radocza.edu.pl\/edu\/wp-json\/wp\/v2\/pages"}],"about":[{"href":"https:\/\/radocza.edu.pl\/edu\/wp-json\/wp\/v2\/types\/page"}],"author":[{"embeddable":true,"href":"https:\/\/radocza.edu.pl\/edu\/wp-json\/wp\/v2\/users\/2"}],"replies":[{"embeddable":true,"href":"https:\/\/radocza.edu.pl\/edu\/wp-json\/wp\/v2\/comments?post=1529"}],"version-history":[{"count":22,"href":"https:\/\/radocza.edu.pl\/edu\/wp-json\/wp\/v2\/pages\/1529\/revisions"}],"predecessor-version":[{"id":1813,"href":"https:\/\/radocza.edu.pl\/edu\/wp-json\/wp\/v2\/pages\/1529\/revisions\/1813"}],"up":[{"embeddable":true,"href":"https:\/\/radocza.edu.pl\/edu\/wp-json\/wp\/v2\/pages\/855"}],"wp:attachment":[{"href":"https:\/\/radocza.edu.pl\/edu\/wp-json\/wp\/v2\/media?parent=1529"}],"curies":[{"name":"wp","href":"https:\/\/api.w.org\/{rel}","templated":true}]}}

<div data-elementor-type="wp-page" data-elementor-id="1529" class="elementor elementor-1529">
				<div class="elementor-element elementor-element-7998c3b rs_pad-sec e-flex e-con-boxed e-con e-parent" data-id="7998c3b" data-element_type="container" data-e-type="container">
					<div class="e-con-inner">
				<div class="elementor-element elementor-element-31d5ddd sr_title elementor-widget elementor-widget-heading" data-id="31d5ddd" data-element_type="widget" data-e-type="widget" data-widget_type="heading.default">
				<div class="elementor-widget-container">
					<h2 class="elementor-heading-title elementor-size-default">Szkoła</h2>				</div>
				</div>
				<div class="elementor-element elementor-element-c6d40ab elementor-invisible elementor-widget elementor-widget-heading" data-id="c6d40ab" data-element_type="widget" data-e-type="widget" data-settings="{&quot;_animation&quot;:&quot;bounceInLeft&quot;}" data-widget_type="heading.default">
				<div class="elementor-widget-container">
					<div class="elementor-heading-title elementor-size-default">Grono pedagogiczne
</div>				</div>
				</div>
					</div>
				</div>
		<div class="elementor-element elementor-element-3c19019 e-flex e-con-boxed e-con e-parent" data-id="3c19019" data-element_type="container" data-e-type="container">
					<div class="e-con-inner">
					</div>
				</div>
		<div class="elementor-element elementor-element-88c598d sr_mail e-flex e-con-boxed e-con e-parent" data-id="88c598d" data-element_type="container" data-e-type="container">
					<div class="e-con-inner">
				<div class="elementor-element elementor-element-a038c96 elementor-widget elementor-widget-text-editor" data-id="a038c96" data-element_type="widget" data-e-type="widget" data-widget_type="text-editor.default">
				<div class="elementor-widget-container">
									<p><strong>Kadra Kierownicza Zespołu Szkół CKU w Radoczy</strong><br />mgr Smaza Monika – Dyrektor ZSCKU w Radoczy<br /><a href="mailto:monika.smaza@radocza.edu.pl">monika.smaza@radocza.edu.pl</a></p><p>mgr inż. Augustyniak Agnieszka – Wicedyrektor ZSCKU w Radoczy<br /><a href="mailto:agnieszka.augustyniak@radocza.edu.pl">agnieszka.augustyniak@radocza.edu.pl</a><br />mgr inż. Jodłowski Józef – Kierownik warsztatów<br /><a href="mailto:ckuwarsztat@radocza.edu.pl">ckuwarsztat@radocza.edu.pl</a></p><p><strong>Kadra Pedagogiczna</strong><br />mgr inż. Augustyniak Agnieszka &#8211; przedmioty zawodowe / <a href="mailto:agnieszka.augustyniak@radocza.edu.pl">agnieszka.augustyniak@radocza.edu.pl</a><br />mgr Baca Dagmara &#8211; j. niemiecki, j. niemiecki zawodowy / <a href="mailto:dagmara.baca@radocza.edu.pl">dagmara.baca@radocza.edu.pl</a><br />mgr Boba Paweł &#8211; informatyka / <a href="mailto:pawel.boba@radocza.edu.pl">pawel.boba@radocza.edu.pl</a><br />mgr Bodzioch Edyta &#8211; matematyka / <a href="mailto:edyta.bodzioch@radocza.edu.pl">edyta.bodzioch@radocza.edu.pl</a><br />mgr Cieślica Dagmara &#8211; przedmioty zawodowe / <a href="mailto:dagmara.cieslica@radocza.edu.pl">dagmara.cieslica@radocza.edu.pl</a><br />mgr inż. Frączek Janusz &#8211; przedmioty zawodowe /<a href="mailto:janusz.fraczek@radocza.edu.pl"> janusz.fraczek@radocza.edu.pl</a><br />mgr Galus Joanna &#8211; w-f / <a href="mailto:joanna.galus@radocza.edu.pl">joanna.galus@radocza.edu.pl</a><br />mgr Gliwa Stanisław &#8211; w-f / <a href="mailto:stanislaw.gliwa@radocza.edu.pl">stanislaw.gliwa@radocza.edu.pl</a><br />mgr Górzańska Karolina &#8211; biologia / <a href="mailto:karolina.gorzanska@radocza.edu.pl">karolina.gorzanska@radocza.edu.pl</a><br />mgr inż. Góra Kamil &#8211; przedmioty zawodowe / <a href="mailto:kamil.gora@radocza.edu.pl">kamil.gora@radocza.edu.pl</a><br />mgr inż. Graca Marcin &#8211; przedmioty zawodowe / <a href="mailto:marcin.graca@radocza.edu.pl">marcin.graca@radocza.edu.pl</a><br />mgr inż. Jodłowski Józef &#8211; przedmioty zawodowe / <a href="mailto:ckuwarsztat@radocza.edu.pl">ckuwarsztat@radocza.edu.pl</a><br />mgr Karcz Andrzej – historia, HIT / <a href="mailto:andrzej.karcz@radocza.edu.pl">andrzej.karcz@radocza.edu.pl</a><br />mgr Karlak  Bernadetta &#8211; bibliotekarz, kształcenie specjalne / <a href="mailto:bernadetta.karlak@radocza.edu.pl">bernadetta.karlak@radocza.edu.pl</a><br />mgr Kołodziejczyk Witold &#8211; geografia, biznes i zarządzanie, podstawy przedsiębiorczości, EDB /<br /><a href="mailto:witold.kolodziejczyk@radocza.edu.pl">witold.kolodziejczyk@radocza.edu.pl</a><br />mgr Kręcioch Justyna &#8211; chemia / <a href="mailto:justyna.krecioch@radocza.edu.pl">justyna.krecioch@radocza.edu.pl</a><br />mgr Kubaszewski Paweł &#8211; j. polski / <a href="mailto:pawel.kubaszewski@radocza.edu.pl">pawel.kubaszewski@radocza.edu.pl</a><br />mgr Kulig Wojciech &#8211; doradztwo zawodowe, WOS, pedagog szkolny / <a href="mailto:wojciech.kulig@radocza.edu.pl">wojciech.kulig@radocza.edu.pl</a><br />mgr Lempart-Musiał Joanna &#8211; matematyka / <a href="mailto:joanna.lempart@radocza.edu.pl">joanna.lempart@radocza.edu.pl</a><br />mgr Łasak Anna &#8211; matematyka / <a href="mailto:anna.lasak@radocza.edu.pl">anna.lasak@radocza.edu.pl</a><br />mgr inż. Łasak Józef &#8211; fizyka / <a href="mailto:jozef.lasak@radocza.edu.pl">jozef.lasak@radocza.edu.pl</a><br />mgr inż. Maciewicz Beata &#8211; przedmioty zawodowe / <a href="mailto:beata.maciewicz@radocza.edu.pl">beata.maciewicz@radocza.edu.pl</a><br />mgr Mamoń Włodzimierz &#8211; w-f / <a href="mailto:wlodzimierz.mamon@radocza.edu.pl">wlodzimierz.mamon@radocza.edu.pl</a><br />mgr inż. Mostowik Janusz &#8211; przedmioty zawodowe /<a href="mailto:janusz.mostowik@radocza.edu.pl"> janusz.mostowik@radocza.edu.pl</a><br />mgr inż. Olszyński Krzysztof &#8211; przedmioty zawodowe / <a href="mailto:krzysztof.olszynski@radocza.edu.pl">krzysztof.olszynski@radocza.edu.pl</a><br />mgr Pająk Bożena &#8211; j. angielski, j. angielski zawodowy / <a href="mailto:bozena.pajak@radocza.edu.pl">bozena.pajak@radocza.edu.pl</a><br />mgr Pawlik Barbara &#8211; j. niemiecki, j. niemiecki zawodowy / <a href="mailto:barbara.pawlik@radocza.edu.pl">barbara.pawlik@radocza.edu.pl</a><br />mgr inż. Pszczelińska Agnieszka &#8211; przedmioty zawodowe / <a href="mailto:agnieszka.pszczelinska@radocza.edu.pl">agnieszka.pszczelinska@radocza.edu.pl</a><br />mgr inż. Rossochacki Grzegorz &#8211; przedmioty zawodowe / <a href="mailto:grzegorz.rossochacki@radocza.edu.pl">grzegorz.rossochacki@radocza.edu.pl</a><br />mgr inż. Rusin Andrzej &#8211; przedmioty zawodowe / <a href="mailto:andrzej.rusin@radocza.edu.pl">andrzej.rusin@radocza.edu.pl</a><br />mgr Rzońca Joanna &#8211; przedmioty zawodowe /<a href="mailto:joanna.rzonca@radocza.edu.pl"> joanna.rzonca@radocza.edu.pl</a><br />mgr Smaza Monika &#8211; w-f, pedagog szkolny / <a href="mailto:monika.smaza@radocza.edu.pl">monika.smaza@radocza.edu.pl</a><br />mgr Sopicka Renata &#8211; j. polski / <a href="mailto:renata.sopicka@radocza.edu.pl">renata.sopicka@radocza.edu.pl</a><br />mgr Stuczyńska Katarzyna &#8211; przedmioty zawodowe / <a href="mailto:katarzyna.stuczynska@radocza.edu.pl">katarzyna.stuczynska@radocza.edu.pl</a><br />mgr Szczur Marta &#8211; logopeda / <a href="mailto:marta.szczur@radocza.edu.pl">marta.szczur@radocza.edu.pl</a><br />mgr  inż. Wawro Krzysztof – BHP / <a href="mailto:krzysztof.wawro@radocza.edu.pl">krzysztof.wawro@radocza.edu.pl</a><br />mgr Wojtal Jarosław &#8211; j. angielski, j. angielski zawodowy /<a href="mailto:jaroslaw.wojtal@radocza.edu.pl"> jaroslaw.wojtal@radocza.edu.pl</a><br />mgr Wróblel Anita &#8211; psycholog szkolny, kształcenie specjalne / <a href="mailto:anita.wróbel@radocza.edu.pl">anita.wróbel@radocza.edu.pl</a><br />mgr Wójcik Iwona &#8211; przedmioty zawodowe / <a href="mailto:iwona.wojcik@radocza.edu.pl">iwona.wojcik@radocza.edu.pl</a></p>								</div>
				</div>
					</div>
				</div>
				</div>

<p>Szkoła Grono pedagogiczne Kadra Kierownicza Zespołu Szkół CKU w Radoczymgr Smaza Monika – Dyrektor ZSCKU w Radoczymonika.smaza@radocza.edu.pl mgr inż. Augustyniak [&hellip;]</p>

Szkoła Grono pedagogiczne Kadra Kierownicza Zespołu Szkół CKU w Radoczymgr Smaza Monika – Dyrektor ZSCKU w Radoczymonika.smaza@radocza.edu.pl mgr inż. Augustyniak [&hellip;]
